est common factor of 1865536915 and 55?
55
What is the greatest common divisor of 7581637 and 1936578?
6587
Calculate the highest common factor of 12931 and 470341.
193
Calculate the highest common factor of 46 and 99274854.
46
What is the greatest common divisor of 39494820 and 12?
12
Calculate the greatest common factor of 35417768 and 8.
8
Calculate the highest common factor of 233407260 and 108.
36
Calculate the greatest common divisor of 82157530 and 65.
65
What is the highest common factor of 54437120 and 284?
284
Calculate the greatest common factor of 57222777 and 24429.
1437
Calculate the greatest common divisor of 95 and 29882421.
19
Calculate the greatest common divisor of 551672 and 79882.
22
What is the greatest common divisor of 672 and 505953?
21
Calculate the greatest common divisor of 2226 and 3410526.
42
What is the greatest common factor of 24 and 7030808?
8
Calculate the highest common factor of 1197 and 64453377.
57
Calculate the greatest common divisor of 4 and 70993670.
2
What is the greatest common factor of 262374804 and 6?
6
What is the highest common divisor of 430460400 and 1200?
1200
What is the greatest common factor of 124682 and 25606?
62
Calculate the greatest common factor of 41680 and 235896296.
4168
What is the highest common factor of 1183856 and 5336?
184
Calculate the greatest common divisor of 148764 and 30904594.
2254
What is the highest common factor of 2682 and 11687262?
894
What is the highest common divisor of 16 and 147161744?
16
What is the greatest common factor of 5983249 and 2301?
59
What is the highest common factor of 3012 and 22595376?
12
What is the highest common factor of 47817285 and 60?
15
What is the greatest common divisor of 5 and 34204380?
5
What is the highest common factor of 1793 and 14440007?
163
What is the highest common divisor of 221269 and 251024?
541
What is the highest common divisor of 1704 and 111612?
852
Calculate the greatest common divisor of 176819136 and 3588.
156
Calculate the highest common divisor of 633258 and 2982.
6
What is the highest common divisor of 6532 and 662676?
92
What is the highest common factor of 1135 and 771296287?
227
Calculate the highest common divisor of 698274509 and 26967.
8989
Calculate the greatest common factor of 251823 and 3341.
13
Calculate the greatest common divisor of 81 and 1059275718.
81
Calculate the highest common factor of 993876 and 1426.
46
Calculate the greatest common divisor of 361117044 and 36.
36
What is the highest common factor of 548 and 7807082?
274
What is the highest common divisor of 99238273 and 38?
19
What is the greatest common factor of 554697 and 43641?
117
Calculate the greatest common factor of 63210 and 887047.
2107
What is the greatest common factor of 402648 and 546?
6
Calculate the greatest common factor of 160383678 and 714.
714
Calculate the greatest common divisor of 881236 and 24764.
604
What is the greatest common divisor of 23750 and 6261450?
950
What is the greatest common divisor of 3821470 and 22990?
190
What is the highest common factor of 64277 and 30493765?
3781
What is the greatest common factor of 1836 and 16517574?
918
Calculate the highest common divisor of 19884 and 4668.
12
Calculate the greatest common factor of 4139837 and 7189.
1027
Calculate the greatest common divisor of 274520367 and 54.
27
What is the greatest common factor of 102 and 321834786?
102
What is the highest common divisor of 143 and 5850130?
143
Calculate the highest common factor of 266525 and 76825.
175
What is the greatest common factor of 1101590 and 980?
70
What is the highest common factor of 1322886 and 1436536?
4546
Calculate the highest common divisor of 53444844 and 20.
4
Calculate the highest common factor of 1646 and 169703423.
823
What is the greatest common factor of 6 and 32817153?
3
What is the highest common divisor of 416673 and 58491?
603
Calculate the highest common divisor of 154 and 53807138.
154
What is the greatest common divisor of 16040801 and 8176?
511
What is the greatest common factor of 2503072 and 96096?
4576
Calculate the highest common divisor of 3073 and 1391191.
439
Calculate the greatest common factor of 154225048 and 282.
94
Calculate the highest common divisor of 359063 and 19.
1
Calculate the highest common divisor of 4600415 and 2465.
145
What is the highest common factor of 718 and 8808783?
359
Calculate the greatest common divisor of 205988 and 9269.
23
Calculate the greatest common divisor of 6560482 and 24102.
206
What is the greatest common factor of 115109400 and 600?
600
Calculate the greatest common divisor of 17546 and 3067822.
62
Calculate the highest common factor of 36 and 19054596.
12
What is the highest common factor of 240727641 and 4851?
1617
What is the highest common divisor of 1057347 and 1512?
27
Calculate the highest common factor of 116839701 and 27.
9
Calculate the greatest common divisor of 7 and 198051406.
7
What is the greatest common factor of 30701387 and 235?
47
Calculate the highest common factor of 658 and 13081369.
329
Calculate the greatest common divisor of 1088015 and 920.
115
Calculate the highest common divisor of 37211 and 460121.
127
Calculate the highest common factor of 8121373 and 39.
13
What is the highest common divisor of 16906 and 34918?
158
Calculate the greatest common factor of 5735707 and 2813.
2813
Calculate the highest common divisor of 390 and 38167870.
130
What is the greatest common divisor of 4719020 and 20?
20
Calculate the highest common divisor of 122017125 and 375.
375
What is the highest common divisor of 2717384 and 8?
8
Calculate the highest common divisor of 888624 and 850.
34
What is the greatest common factor of 650 and 7632274?
26
What is the highest common divisor of 28093118 and 123?
41
What is the highest common divisor of 343224 and 1029?
21
What is the highest common divisor of 324 and 400596759?
81
What is the highest common factor of 27701606 and 356?
178
Calculate the highest common factor of 3374767 and 193798.
253
Calculate the highest common divisor of 18666884 and 477628.
4924
Calculate the greatest common factor of 3889852 and 92.
92
What is the highest common factor of 238255 and 2839?
17
Calculate the greatest common divisor of 494722 and 4251573.
893
Calculate the highest common factor of 2518520 and 27098.
1594
What is the greatest common factor of 247 and 1119043?
19
Calculate the greatest common factor of 790 and 1905988.
2
What is the greatest common divisor of 10436 and 3088?
4
Calculate the highest common factor of 13570 and 5357790.
590
Calculate the greatest common factor of 561470 and 50570.
130
Calculate the greatest common factor of 1512573 and 44763.
1041
Calculate the highest common divisor of 9287855 and 814870.
8315
What is the greatest common factor of 288 and 104253696?
288
What is the greatest common divisor of 5100 and 252594840?
1020
What is the greatest common divisor of 135 and 159163410?
15
What is the greatest common factor of 55 and 5349322?
11
Calculate the highest common divisor of 89154 and 44108064.
702
What is the highest common divisor of 40894 and 76222?
46
What is the highest common factor of 382368 and 940557?
1707
What is the highest common divisor of 403443293 and 13233?
4411
What is the highest common divisor of 211860 and 576?
36
Calculate the highest common factor of 1922 and 1512428.
62
Calculate the highest common divisor of 4888087252 and 127.
127
What is the highest common divisor of 2189598 and 1121?
19
What is the highest common factor of 2822231 and 6772?
1693
What is the highest common divisor of 53015930 and 990?
110
Calculate the highest common divisor of 442550 and 754840.
1670
Calculate the highest common divisor of 2920 and 1908547040.
2920
What is the highest common factor of 351298761 and 561?
561
Calculate the highest common divisor of 3172 and 133817164.
3172
Calculate the greatest common factor of 316 and 32457703.
79
What is the highest common divisor of 279279 and 100716?
231
Calculate the highest common divisor of 360600 and 15075.
75
What is the greatest common factor of 74633300 and 1120?
140
Calculate the highest common factor of 2527474 and 244.
122
What is the greatest common factor of 1269272 and 638?
58
Calculate the greate